{"version":"1.0","provider_name":"Revista Latino-Americana de Ci\u00eancias Sociais Inf\u00e2ncia e Juventude","provider_url":"https:\/\/revistaumanizales.cinde.org.co\/pt","author_name":"R3V1ST4C1ND3","author_url":"https:\/\/revistaumanizales.cinde.org.co\/pt\/author\/r3v1st4c1nd3\/","title":"Secci\u00f3n tercera y cuarta - Revista Latinoamericana de Ciencias Sociales Ni\u00f1ez y Juventud","type":"rich","width":600,"height":338,"html":"<blockquote class=\"wp-embedded-content\" data-secret=\"2fwo4xyjtD\"><a href=\"https:\/\/revistaumanizales.cinde.org.co\/pt\/seccion-tercera-y-cuarta\/\">Secci\u00f3n tercera y cuarta<\/a><\/blockquote><iframe sandbox=\"allow-scripts\" security=\"restricted\" src=\"https:\/\/revistaumanizales.cinde.org.co\/pt\/seccion-tercera-y-cuarta\/embed\/#?secret=2fwo4xyjtD\" width=\"600\" height=\"338\" title=\"&#8220;Secci\u00f3n tercera y cuarta&#8221; &#8212; Revista Latinoamericana de Ciencias Sociales Ni\u00f1ez y Juventud\" data-secret=\"2fwo4xyjtD\" frameborder=\"0\" marginwidth=\"0\" marginheight=\"0\" scrolling=\"no\" class=\"wp-embedded-content\"><\/iframe><script>\n\/*! This file is auto-generated *\/\n!function(d,l){\"use strict\";l.querySelector&&d.addEventListener&&\"undefined\"!=typeof URL&&(d.wp=d.wp||{},d.wp.receiveEmbedMessage||(d.wp.receiveEmbedMessage=function(e){var t=e.data;if((t||t.secret||t.message||t.value)&&!\/[^a-zA-Z0-9]\/.test(t.secret)){for(var s,r,n,a=l.querySelectorAll('iframe[data-secret=\"'+t.secret+'\"]'),o=l.querySelectorAll('blockquote[data-secret=\"'+t.secret+'\"]'),c=new RegExp(\"^https?:$\",\"i\"),i=0;i<o.length;i++)o[i].style.display=\"none\";for(i=0;i<a.length;i++)s=a[i],e.source===s.contentWindow&&(s.removeAttribute(\"style\"),\"height\"===t.message?(1e3<(r=parseInt(t.value,10))?r=1e3:~~r<200&&(r=200),s.height=r):\"link\"===t.message&&(r=new URL(s.getAttribute(\"src\")),n=new URL(t.value),c.test(n.protocol))&&n.host===r.host&&l.activeElement===s&&(d.top.location.href=t.value))}},d.addEventListener(\"message\",d.wp.receiveEmbedMessage,!1),l.addEventListener(\"DOMContentLoaded\",function(){for(var e,t,s=l.querySelectorAll(\"iframe.wp-embedded-content\"),r=0;r<s.length;r++)(t=(e=s[r]).getAttribute(\"data-secret\"))||(t=Math.random().toString(36).substring(2,12),e.src+=\"#?secret=\"+t,e.setAttribute(\"data-secret\",t)),e.contentWindow.postMessage({message:\"ready\",secret:t},\"*\")},!1)))}(window,document);\n<\/script>","description":"Home &#047; Secci\u00f3n Tercera &#8211; Informes y An\u00e1lisis \u00cdndice acumulativo por autores e \u00edndice tem\u00e1tico: \u00cdndice acumulativo por autores e \u00edndice tem\u00e1tico \u00cdndice acumulativo por autores Revista Latinoamericana de Ciencias Sociales, Ni\u00f1ez y Juventud Volumen 1 N\u00ba 1, enero-junio de 2003 a Volumen 23 N\u00ba 2, mayo &#8211; agosto de 2025 Leer m\u00e1s Presentaci\u00f3n monogr\u00e1ficos: Juvenicidios: una mirada global Germ\u00e1n Mu\u00f1oz, Ph. D.2Universidad de Manizales (Colombia) Carles Feixa, Ph. D.3Universitat Pompeu Fabra (Catalu\u00f1a-Espa\u00f1a) Doi: https:\/\/dx.doi.org\/10.11600\/rlcsnj.20.3.P01 PDF Parentalidades, infancias, juventudes y cuidados en Latinoam\u00e9rica y el Caribe: regulaciones, pr\u00e1cticas y relaciones Revista Latinoamericana de Ciencias Sociales, Ni\u00f1ez y Juventud Volumen 20 N\u00b0 1. enero-abril de 2022 PDF Editorial. Las ciencias cognitivas en perspectiva intercultural N\u00famero monogr\u00e1fico Revista Latinoamericana de Ciencias Sociales, Ni\u00f1ez y Juventud Antonio Partida Guti\u00e9rrez-de Blume Diana Marcela Montoya-Londo\u00f1o PDF Secci\u00f3n Cuarta &#8211; Revisiones y Recensiones Entrevistas: Volumen 23 No. 3 septiembre &#8211; diciembre de 2025 Grabaci\u00f3n de la entrevista: Experiencias y futuro de las ciencias cognitivas desde Latinoam\u00e9rica &#8230; Ver PDF Experiencias y futuro de las ciencias cognitivas desde Latinoam\u00e9rica Antonio Partida Guti\u00e9rrez-de BlumeDiana Marcela Montoya-Londo\u00f1oRolando P\u00e9rez-S\u00e1nchezMar\u00eda Mercedes Su\u00e1rez de la TorreJorge Pablo Oseguera-Gamba Powered By EmbedPress&#8230; Ver PDF Volumen 23 No. 2 mayo &#8211; agosto de 2025 Entrevista con la Doctora Kate Tilleczek Pablo Alejandro Ar\u00e1nguiz Mes\u00edas Powered By EmbedPress&#8230; Ver PDF Volumen 21 No. 3 septiembre- diciembre de 2023 Entrevista a Laura Lundy Natalia Castillo Az\u00f3car Trabajadora Social. Mag\u00edster \u00a9 en Trabajo Social Cl\u00ednico, Universidad de Valpara\u00edso, Chile. Correo electr\u00f3nico: natalia.castillo@uv.cl &nbsp; Powered By EmbedPress Home &#047;&#8230; Ver PDF La participaci\u00f3n de los ni\u00f1os y ni\u00f1as. Haciendo realidad los derechos de ellos y ellas en Escocia. Entrevista a Kay Tisdall Manuela Garc\u00eda-Quiroga** Sara Salum** Powered By EmbedPress&#8230; Ver PDF Incorporaci\u00f3n de ni\u00f1os, ni\u00f1as y j\u00f3venes en la participaci\u00f3n de investigaciones sociales. Entrevista al Dr. Patricio Cuevas-Parra G\u00e9nesis Aguilera Mar\u00eda Cifuentes Macarena Esc\u00e1rate Powered By EmbedPress&#8230; Ver PDF Volumen 21 No. 2 mayo \u2013 agosto de 2023 J\u00f3venes: biopol\u00edtica, grupos juveniles, condici\u00f3n juvenil y territorios &#8230; Ver PDF Volumen 21 No. 1 enero \u2013 abril de 2023 Acompa\u00f1amiento psicosocial a ni\u00f1ez y adolescencia familiares de personas migrantes desaparecidas AUDIO: https:\/\/cloud.disroot.org\/s\/mzHtiFgcrgnE4wb?dir=undefined&amp;openfile=237146262 Powered By EmbedPress&#8230; Ver PDF Volumen 20 No. 3 septiembre- diciembre de 2022 \u00abLa reciudadanizaci\u00f3n de las juventudes latinomericanas: un buen reto para los juven\u00f3logos\u00bb. Una conversaci\u00f3n con Maritza Urteaga Maritza Urteaga1entrevistada por Carles Feixa2 \u00a0 \u00a0&#8230; Ver PDF \u00abS\u00ed nacimos pa\u2019 semilla\u00bb: la cultura de las bandas en Medell\u00edn (1990-2019). Una conversaci\u00f3n con Alonso Salazar Alonso Salaza entrevistado por Fulvia M\u00e1rquez y Carles Feixa Powered By EmbedPress&#8230; Ver PDF Volumen 20 No. 2 mayo &#8211; agosto de 2022 Reconnecting with your Culture. The school of the world: entrevista a Olimpia Niglio Victoria Le\u00f3nKevin A. Echeverry Powered By EmbedPress&#8230; Ver PDF Investigaci\u00f3n y co-construcci\u00f3n de conocimientos sobre migraciones contempor\u00e1neas con ni\u00f1os, ni\u00f1as y adolescentes Entrevista con Valentina Glockner (DIE-Cinvestav, M\u00e9xico)1 Indira Granda2 Powered By EmbedPress&#8230; Ver PDF Documentos \/ Ensayos: Volumen 24 No. 1 enero &#8211; abril de 2026 Los estudios de la infancia desde la perspectiva de la fenomenolog\u00eda feminista Elsa Susana Guevara-Ruise\u00f1or, Ph. D.1 Alba Esperanza Garc\u00eda-L\u00f3pez, Ph.D.2 Sandra Aurora Gonz\u00e1lez-S\u00e1nchez, Ph.D.3 Powered By EmbedPress&#8230; Ver PDF Volumen 23 No. 3 septiembre &#8211; diciembre de 2025 La universidad cr\u00edtica frente al neofascismo global: fundamentos te\u00f3ricos para la resistencia emancipadora Efr\u00e9n Danilo Ariza-Ruiz1 Powered By EmbedPress&#8230; Ver PDF Neuromitos en Educaci\u00f3n: \u00bfc\u00f3mo continuaremos informando correctamente a la comunidad educativa? Norton Contreras Paredes1 Powered By EmbedPress&#8230; Ver PDF Volumen 23 No. 1 enero &#8211; abril de 2025 Selectividad penal juvenil, exclusi\u00f3n y orden social Mariana Cecilia Fern\u00e1ndez1 Powered By EmbedPress&#8230; Ver PDF Volumen 22 No. 3 septiembre &#8211; diciembre de 2024 Violencia sexual en las ni\u00f1eces de Chile en 2023: miradas desde el feminismo y la interseccionalidad Diego Guerrero Soto, Ph.D.1 Powered By EmbedPress&#8230; Ver PDF Tumbados y belicones: entre excesos y precariedades se refuerza el aniquilamiento juvenil Powered By EmbedPress Lourdes Eshlliny Flores-Res\u00e9ndiz, Mg.1&#8230; Ver PDF Reflexiones pedag\u00f3gicas contempor\u00e1neas sobre los imaginarios de g\u00e9nero en literatura infantil Selen Catalina Arango Rodr\u00edguez, Ph.D.1 Powered By EmbedPress&#8230; Ver PDF 1 2 Volumen 22 No. 2 mayo &#8211; agosto de 2024 Exposici\u00f3n de ni\u00f1os, ni\u00f1as y adolescentes a la violencia organizada: reflexiones desde la realidad actual y las perspectivas en Am\u00e9rica Latina Ernesto Rodr\u00edguez1 Powered By EmbedPress&#8230; Ver PDF Volumen 22 No. 1 enero &#8211; abril de 2024 Mesa por la ni\u00f1ez de Argentina alerta por el impacto negativo para las infancias del paquete de medidas del presidente Javier Milei Powered By EmbedPress&#8230; Ver PDF CARTA AL EDITOR &#8211; Chatgpt: desaf\u00edos para el sector educativo colombiano Jaime G\u00f3mez, MSc, Cristina Ramos, MSc, Genhli Y\u00e1nez, MSc, Mar\u00eda Pe\u00f1a, Esp., Carlos G\u00f3mez, MSc. Powered By EmbedPress&#8230; Ver PDF Volumen 21 No. 3 septiembre- diciembre de 2023 Ni\u00f1os hiperactivos y adultos con conductas sedentarios, otra perspectiva del movimiento infantil Leonardo Acu\u00f1a1 Powered By EmbedPress&#8230; Ver PDF \u00bfPor qu\u00e9 se est\u00e1n secando los mares?: una investigaci\u00f3n hecha por ni\u00f1os y ni\u00f1as Magdalena Concha C\u00e1diz, Emilia Guzm\u00e1n Mart\u00ednez, Dylan Morales Poblete, Agust\u00edn Maldonado Ortega.Mahia Saracostti. Powered By EmbedPress&#8230; Ver PDF Think Big Wiradjuri Youth Participatory Research Project \u2013 what happened? Marcus Wright,Dominique Sweeney. Powered By EmbedPress&#8230; Ver PDF 1 2 Volumen 21 No. 2 mayo \u2013 agosto de 2023 Inter\u00e9s superior de ni\u00f1as, ni\u00f1os y adolescentes. Interpretaci\u00f3n adultoc\u00e9ntrica. Caso Oaxaca Ad\u00e1n Gamboa-Fern\u00e1ndez1 Doi: https:\/\/dx.doi.org\/10.11600\/rlcsnj.21.2.5927 Powered By EmbedPress&#8230; Ver PDF Las enfermedades respiratorias y al\u00e9rgicas: la experiencia del padecimiento desde la perspectiva socio-cultural Elizabeth Sevilla1Universidad de Guadalajara, M\u00e9xico Javier Eduardo Garc\u00eda de Alba Garc\u00eda2Universidad de Guadalajara, M\u00e9xico Doi: https:\/\/dx.doi.org\/10.11600\/rlcsnj.21.2.5815 Powered By EmbedPress&#8230; Ver PDF Volumen 21 No. 1 enero \u2013 abril de 2023 Abordaje del estudio y de las intervenciones de las juventudes desplazadas por la violencia en Honduras Clarissa Edith N\u00fa\u00f1ez-Amador, Msc.1Universidad Nacional Aut\u00f3noma de Honduras, Honduras Powered By EmbedPress&#8230; Ver PDF Desde las periferias: movimientos juveniles latinoamericanos en tiempos del covid-19 Rodrigo Alonso Barraza-Garc\u00eda1Universidad de Salamanca, Espa\u00f1a Powered By EmbedPress&#8230; Ver PDF Una mirada integradora a la conducta suicida en la adolescencia Javiera Jara Jara1Universidad de La Frontera, Chile Powered By EmbedPress&#8230;","thumbnail_url":"https:\/\/revistaumanizales.cinde.org.co\/wp-content\/uploads\/2025\/05\/foto-Kate-Tilleczek-1-300x300.png"}

Revista Latino-Americana de Ciências Sociais Infância e Juventude

Sección tercera y cuarta - Revista Latinoamericana de Ciencias Sociales Niñez y Juventud

<blockquote class="wp-embedded-content" data-secret="2fwo4xyjtD"><a href="https://revistaumanizales.cinde.org.co/pt/seccion-tercera-y-cuarta/">Sección tercera y cuarta</a></blockquote><iframe sandbox="allow-scripts" security="restricted" src="https://revistaumanizales.cinde.org.co/pt/seccion-tercera-y-cuarta/embed/#?secret=2fwo4xyjtD" width="600" height="338" title="&#8220;Sección tercera y cuarta&#8221; &#8212; Revista Latinoamericana de Ciencias Sociales Niñez y Juventud" data-secret="2fwo4xyjtD" frameborder="0" marginwidth="0" marginheight="0" scrolling="no" class="wp-embedded-content"></iframe><script>
/*! This file is auto-generated */
!function(d,l){"use strict";l.querySelector&&d.addEventListener&&"undefined"!=typeof URL&&(d.wp=d.wp||{},d.wp.receiveEmbedMessage||(d.wp.receiveEmbedMessage=function(e){var t=e.data;if((t||t.secret||t.message||t.value)&&!/[^a-zA-Z0-9]/.test(t.secret)){for(var s,r,n,a=l.querySelectorAll('iframe[data-secret="'+t.secret+'"]'),o=l.querySelectorAll('blockquote[data-secret="'+t.secret+'"]'),c=new RegExp("^https?:$","i"),i=0;i<o.length;i++)o[i].style.display="none";for(i=0;i<a.length;i++)s=a[i],e.source===s.contentWindow&&(s.removeAttribute("style"),"height"===t.message?(1e3<(r=parseInt(t.value,10))?r=1e3:~~r<200&&(r=200),s.height=r):"link"===t.message&&(r=new URL(s.getAttribute("src")),n=new URL(t.value),c.test(n.protocol))&&n.host===r.host&&l.activeElement===s&&(d.top.location.href=t.value))}},d.addEventListener("message",d.wp.receiveEmbedMessage,!1),l.addEventListener("DOMContentLoaded",function(){for(var e,t,s=l.querySelectorAll("iframe.wp-embedded-content"),r=0;r<s.length;r++)(t=(e=s[r]).getAttribute("data-secret"))||(t=Math.random().toString(36).substring(2,12),e.src+="#?secret="+t,e.setAttribute("data-secret",t)),e.contentWindow.postMessage({message:"ready",secret:t},"*")},!1)))}(window,document);
</script>

Home &#047; Sección Tercera &#8211; Informes y Análisis Índice acumulativo por autores e índice temático: Índice acumulativo por autores e índice temático Índice acumulativo por autores Revista Latinoamericana de Ciencias Sociales, Niñez y Juventud Volumen 1 Nº 1, enero-junio de 2003 a Volumen 23 Nº 2, mayo &#8211; agosto de 2025 Leer más Presentación monográficos: Juvenicidios: una mirada global Germán Muñoz, Ph. D.2Universidad de Manizales (Colombia) Carles Feixa, Ph. D.3Universitat Pompeu Fabra (Cataluña-España) Doi: https://dx.doi.org/10.11600/rlcsnj.20.3.P01 PDF Parentalidades, infancias, juventudes y cuidados en Latinoamérica y el Caribe: regulaciones, prácticas y relaciones Revista Latinoamericana de Ciencias Sociales, Niñez y Juventud Volumen 20 N° 1. enero-abril de 2022 PDF Editorial. Las ciencias cognitivas en perspectiva intercultural Número monográfico Revista Latinoamericana de Ciencias Sociales, Niñez y Juventud Antonio Partida Gutiérrez-de Blume Diana Marcela Montoya-Londoño PDF Sección Cuarta &#8211; Revisiones y Recensiones Entrevistas: Volumen 23 No. 3 septiembre &#8211; diciembre de 2025 Grabación de la entrevista: Experiencias y futuro de las ciencias cognitivas desde Latinoamérica &#8230; Ver PDF Experiencias y futuro de las ciencias cognitivas desde Latinoamérica Antonio Partida Gutiérrez-de BlumeDiana Marcela Montoya-LondoñoRolando Pérez-SánchezMaría Mercedes Suárez de la TorreJorge Pablo Oseguera-Gamba Powered By EmbedPress&#8230; Ver PDF Volumen 23 No. 2 mayo &#8211; agosto de 2025 Entrevista con la Doctora Kate Tilleczek Pablo Alejandro Aránguiz Mesías Powered By EmbedPress&#8230; Ver PDF Volumen 21 No. 3 septiembre- diciembre de 2023 Entrevista a Laura Lundy Natalia Castillo Azócar Trabajadora Social. Magíster © en Trabajo Social Clínico, Universidad de Valparaíso, Chile. Correo electrónico: natalia.castillo@uv.cl &nbsp; Powered By EmbedPress Home &#047;&#8230; Ver PDF La participación de los niños y niñas. Haciendo realidad los derechos de ellos y ellas en Escocia. Entrevista a Kay Tisdall Manuela García-Quiroga** Sara Salum** Powered By EmbedPress&#8230; Ver PDF Incorporación de niños, niñas y jóvenes en la participación de investigaciones sociales. Entrevista al Dr. Patricio Cuevas-Parra Génesis Aguilera María Cifuentes Macarena Escárate Powered By EmbedPress&#8230; Ver PDF Volumen 21 No. 2 mayo – agosto de 2023 Jóvenes: biopolítica, grupos juveniles, condición juvenil y territorios &#8230; Ver PDF Volumen 21 No. 1 enero – abril de 2023 Acompañamiento psicosocial a niñez y adolescencia familiares de personas migrantes desaparecidas AUDIO: https://cloud.disroot.org/s/mzHtiFgcrgnE4wb?dir=undefined&amp;openfile=237146262 Powered By EmbedPress&#8230; Ver PDF Volumen 20 No. 3 septiembre- diciembre de 2022 «La reciudadanización de las juventudes latinomericanas: un buen reto para los juvenólogos». Una conversación con Maritza Urteaga Maritza Urteaga1entrevistada por Carles Feixa2    &#8230; Ver PDF «Sí nacimos pa’ semilla»: la cultura de las bandas en Medellín (1990-2019). Una conversación con Alonso Salazar Alonso Salaza entrevistado por Fulvia Márquez y Carles Feixa Powered By EmbedPress&#8230; Ver PDF Volumen 20 No. 2 mayo &#8211; agosto de 2022 Reconnecting with your Culture. The school of the world: entrevista a Olimpia Niglio Victoria LeónKevin A. Echeverry Powered By EmbedPress&#8230; Ver PDF Investigación y co-construcción de conocimientos sobre migraciones contemporáneas con niños, niñas y adolescentes Entrevista con Valentina Glockner (DIE-Cinvestav, México)1 Indira Granda2 Powered By EmbedPress&#8230; Ver PDF Documentos / Ensayos: Volumen 24 No. 1 enero &#8211; abril de 2026 Los estudios de la infancia desde la perspectiva de la fenomenología feminista Elsa Susana Guevara-Ruiseñor, Ph. D.1 Alba Esperanza García-López, Ph.D.2 Sandra Aurora González-Sánchez, Ph.D.3 Powered By EmbedPress&#8230; Ver PDF Volumen 23 No. 3 septiembre &#8211; diciembre de 2025 La universidad crítica frente al neofascismo global: fundamentos teóricos para la resistencia emancipadora Efrén Danilo Ariza-Ruiz1 Powered By EmbedPress&#8230; Ver PDF Neuromitos en Educación: ¿cómo continuaremos informando correctamente a la comunidad educativa? Norton Contreras Paredes1 Powered By EmbedPress&#8230; Ver PDF Volumen 23 No. 1 enero &#8211; abril de 2025 Selectividad penal juvenil, exclusión y orden social Mariana Cecilia Fernández1 Powered By EmbedPress&#8230; Ver PDF Volumen 22 No. 3 septiembre &#8211; diciembre de 2024 Violencia sexual en las niñeces de Chile en 2023: miradas desde el feminismo y la interseccionalidad Diego Guerrero Soto, Ph.D.1 Powered By EmbedPress&#8230; Ver PDF Tumbados y belicones: entre excesos y precariedades se refuerza el aniquilamiento juvenil Powered By EmbedPress Lourdes Eshlliny Flores-Reséndiz, Mg.1&#8230; Ver PDF Reflexiones pedagógicas contemporáneas sobre los imaginarios de género en literatura infantil Selen Catalina Arango Rodríguez, Ph.D.1 Powered By EmbedPress&#8230; Ver PDF 1 2 Volumen 22 No. 2 mayo &#8211; agosto de 2024 Exposición de niños, niñas y adolescentes a la violencia organizada: reflexiones desde la realidad actual y las perspectivas en América Latina Ernesto Rodríguez1 Powered By EmbedPress&#8230; Ver PDF Volumen 22 No. 1 enero &#8211; abril de 2024 Mesa por la niñez de Argentina alerta por el impacto negativo para las infancias del paquete de medidas del presidente Javier Milei Powered By EmbedPress&#8230; Ver PDF CARTA AL EDITOR &#8211; Chatgpt: desafíos para el sector educativo colombiano Jaime Gómez, MSc, Cristina Ramos, MSc, Genhli Yánez, MSc, María Peña, Esp., Carlos Gómez, MSc. Powered By EmbedPress&#8230; Ver PDF Volumen 21 No. 3 septiembre- diciembre de 2023 Niños hiperactivos y adultos con conductas sedentarios, otra perspectiva del movimiento infantil Leonardo Acuña1 Powered By EmbedPress&#8230; Ver PDF ¿Por qué se están secando los mares?: una investigación hecha por niños y niñas Magdalena Concha Cádiz, Emilia Guzmán Martínez, Dylan Morales Poblete, Agustín Maldonado Ortega.Mahia Saracostti. Powered By EmbedPress&#8230; Ver PDF Think Big Wiradjuri Youth Participatory Research Project – what happened? Marcus Wright,Dominique Sweeney. Powered By EmbedPress&#8230; Ver PDF 1 2 Volumen 21 No. 2 mayo – agosto de 2023 Interés superior de niñas, niños y adolescentes. Interpretación adultocéntrica. Caso Oaxaca Adán Gamboa-Fernández1 Doi: https://dx.doi.org/10.11600/rlcsnj.21.2.5927 Powered By EmbedPress&#8230; Ver PDF Las enfermedades respiratorias y alérgicas: la experiencia del padecimiento desde la perspectiva socio-cultural Elizabeth Sevilla1Universidad de Guadalajara, México Javier Eduardo García de Alba García2Universidad de Guadalajara, México Doi: https://dx.doi.org/10.11600/rlcsnj.21.2.5815 Powered By EmbedPress&#8230; Ver PDF Volumen 21 No. 1 enero – abril de 2023 Abordaje del estudio y de las intervenciones de las juventudes desplazadas por la violencia en Honduras Clarissa Edith Núñez-Amador, Msc.1Universidad Nacional Autónoma de Honduras, Honduras Powered By EmbedPress&#8230; Ver PDF Desde las periferias: movimientos juveniles latinoamericanos en tiempos del covid-19 Rodrigo Alonso Barraza-García1Universidad de Salamanca, España Powered By EmbedPress&#8230; Ver PDF Una mirada integradora a la conducta suicida en la adolescencia Javiera Jara Jara1Universidad de La Frontera, Chile Powered By EmbedPress&#8230;
